{"id":150,"date":"2025-03-10T05:44:06","date_gmt":"2025-03-10T05:44:06","guid":{"rendered":"https:\/\/infmix.ro\/a6a\/?page_id=150"},"modified":"2025-03-10T05:44:07","modified_gmt":"2025-03-10T05:44:07","slug":"m4-l3-animatii-intr-o-prezentare","status":"publish","type":"page","link":"https:\/\/infmix.ro\/a6a\/m4\/m4-l3-animatii-intr-o-prezentare\/","title":{"rendered":"M4 L3 Anima\u021bii \u00eentr-o prezentare."},"content":{"rendered":"\n<p>Anima\u021biile se pot aplica tuturor obiectelor existente \u00een diapozitiv.<\/p>\n\n\n\n<p>Dup\u0103 selectarea textului sau a elementului grafic alegem meniul Anima\u021bii. Dac\u0103 d\u0103m clic pe butonul ad\u0103ugare anima\u021bie putem observa c\u0103 avem anima\u021bii de:<\/p>\n\n\n\n<ol class=\"wp-block-list\">\n<li>Intrare<\/li>\n\n\n\n<li>Accent (eviden\u021biere)<\/li>\n\n\n\n<li>Ie\u0219ire<\/li>\n<\/ol>\n\n\n\n<p>Odat\u0103 ce am aplicat anima\u021bia se activeaz\u0103 caseta Temporizare. Aici avem op\u021biunile:<\/p>\n\n\n\n<ul class=\"wp-block-list\">\n<li>Pornire = la clic, dup\u0103 precedentul, cu precedentul<\/li>\n\n\n\n<li>Durat\u0103<\/li>\n\n\n\n<li>\u00cent\u00e2rziere<\/li>\n<\/ul>\n\n\n\n<p>Pentru Anima\u021bii avansate putem deschide Panoul de anima\u021bie.<\/p>\n\n\n\n<ul class=\"wp-block-list\"><\/ul>\n\n\n\n<figure class=\"wp-block-embed aligncenter is-type-video is-provider-youtube wp-block-embed-youtube wp-embed-aspect-16-9 wp-has-aspect-ratio\"><div class=\"wp-block-embed__wrapper\">\n<iframe loading=\"lazy\" title=\"12.64 Anima\u021bii \u00een prezent\u0103ri\" width=\"729\" height=\"410\" src=\"https:\/\/www.youtube.com\/embed\/Ub4q8OZ1S_o?feature=oembed\" frameborder=\"0\" allow=\"accelerometer; autoplay; clipboard-write; encrypted-media; gyroscope; picture-in-picture; web-share\" referrerpolicy=\"strict-origin-when-cross-origin\" allowfullscreen><\/iframe>\n<\/div><\/figure>\n\n\n\n<p>Tem\u0103:<\/p>\n\n\n\n<p>Realiza\u021bi o prezentare cu anima\u021bii.<\/p>\n\n\n\n<p>Trimite\u021bi prezentarea pe adresa de e-mail a profesorului.<\/p>\n","protected":false},"excerpt":{"rendered":"<p>Anima\u021biile se pot aplica tuturor obiectelor existente \u00een diapozitiv. Dup\u0103 selectarea textului sau a elementului grafic alegem meniul Anima\u021bii. Dac\u0103 d\u0103m clic pe butonul ad\u0103ugare anima\u021bie putem observa c\u0103 avem anima\u021bii de: Odat\u0103 ce am aplicat anima\u021bia se activeaz\u0103 caseta Temporizare. Aici avem op\u021biunile: Pentru Anima\u021bii avansate putem deschide Panoul de anima\u021bie. Tem\u0103: Realiza\u021bi o [&hellip;]<\/p>\n","protected":false},"author":1,"featured_media":0,"parent":133,"menu_order":0,"comment_status":"closed","ping_status":"closed","template":"","meta":{"_FSMCFIC_featured_image_caption":"","_FSMCFIC_featured_image_nocaption":"","_FSMCFIC_featured_image_hide":"","footnotes":""},"class_list":["post-150","page","type-page","status-publish","hentry"],"yoast_head":"<!-- This site is optimized with the Yoast SEO plugin v27.4 - https:\/\/yoast.com\/product\/yoast-seo-wordpress\/ -->\n<title>M4 L3 Anima\u021bii \u00eentr-o prezentare. - Clasa a VI-a InfMix<\/title>\n<meta name=\"robots\" content=\"index, follow, max-snippet:-1, max-image-preview:large, max-video-preview:-1\" \/>\n<link rel=\"canonical\" href=\"https:\/\/infmix.ro\/a6a\/m4\/m4-l3-animatii-intr-o-prezentare\/\" \/>\n<meta property=\"og:locale\" content=\"ro_RO\" \/>\n<meta property=\"og:type\" content=\"article\" \/>\n<meta property=\"og:title\" content=\"M4 L3 Anima\u021bii \u00eentr-o prezentare. - Clasa a VI-a InfMix\" \/>\n<meta property=\"og:description\" content=\"Anima\u021biile se pot aplica tuturor obiectelor existente \u00een diapozitiv. Dup\u0103 selectarea textului sau a elementului grafic alegem meniul Anima\u021bii. Dac\u0103 d\u0103m clic pe butonul ad\u0103ugare anima\u021bie putem observa c\u0103 avem anima\u021bii de: Odat\u0103 ce am aplicat anima\u021bia se activeaz\u0103 caseta Temporizare. Aici avem op\u021biunile: Pentru Anima\u021bii avansate putem deschide Panoul de anima\u021bie. Tem\u0103: Realiza\u021bi o [&hellip;]\" \/>\n<meta property=\"og:url\" content=\"https:\/\/infmix.ro\/a6a\/m4\/m4-l3-animatii-intr-o-prezentare\/\" \/>\n<meta property=\"og:site_name\" content=\"Clasa a VI-a InfMix\" \/>\n<meta property=\"article:modified_time\" content=\"2025-03-10T05:44:07+00:00\" \/>\n<meta name=\"twitter:card\" content=\"summary_large_image\" \/>\n<meta name=\"twitter:label1\" content=\"Timp estimat pentru citire\" \/>\n\t<meta name=\"twitter:data1\" content=\"1 minut\" \/>\n<script type=\"application\/ld+json\" class=\"yoast-schema-graph\">{\"@context\":\"https:\\\/\\\/schema.org\",\"@graph\":[{\"@type\":\"WebPage\",\"@id\":\"https:\\\/\\\/infmix.ro\\\/a6a\\\/m4\\\/m4-l3-animatii-intr-o-prezentare\\\/\",\"url\":\"https:\\\/\\\/infmix.ro\\\/a6a\\\/m4\\\/m4-l3-animatii-intr-o-prezentare\\\/\",\"name\":\"M4 L3 Anima\u021bii \u00eentr-o prezentare. - Clasa a VI-a InfMix\",\"isPartOf\":{\"@id\":\"https:\\\/\\\/infmix.ro\\\/a6a\\\/#website\"},\"datePublished\":\"2025-03-10T05:44:06+00:00\",\"dateModified\":\"2025-03-10T05:44:07+00:00\",\"breadcrumb\":{\"@id\":\"https:\\\/\\\/infmix.ro\\\/a6a\\\/m4\\\/m4-l3-animatii-intr-o-prezentare\\\/#breadcrumb\"},\"inLanguage\":\"ro-RO\",\"potentialAction\":[{\"@type\":\"ReadAction\",\"target\":[\"https:\\\/\\\/infmix.ro\\\/a6a\\\/m4\\\/m4-l3-animatii-intr-o-prezentare\\\/\"]}]},{\"@type\":\"BreadcrumbList\",\"@id\":\"https:\\\/\\\/infmix.ro\\\/a6a\\\/m4\\\/m4-l3-animatii-intr-o-prezentare\\\/#breadcrumb\",\"itemListElement\":[{\"@type\":\"ListItem\",\"position\":1,\"name\":\"Prima pagin\u0103\",\"item\":\"https:\\\/\\\/infmix.ro\\\/a6a\\\/\"},{\"@type\":\"ListItem\",\"position\":2,\"name\":\"M4\",\"item\":\"https:\\\/\\\/infmix.ro\\\/a6a\\\/m4\\\/\"},{\"@type\":\"ListItem\",\"position\":3,\"name\":\"M4 L3 Anima\u021bii \u00eentr-o prezentare.\"}]},{\"@type\":\"WebSite\",\"@id\":\"https:\\\/\\\/infmix.ro\\\/a6a\\\/#website\",\"url\":\"https:\\\/\\\/infmix.ro\\\/a6a\\\/\",\"name\":\"Clasa a VI-a InfMix\",\"description\":\"Informa\u021bia a\u0219a cum o pute\u021bi imagina\",\"publisher\":{\"@id\":\"https:\\\/\\\/infmix.ro\\\/a6a\\\/#\\\/schema\\\/person\\\/2cebfe49f5302ee541291ee8efcc004d\"},\"potentialAction\":[{\"@type\":\"SearchAction\",\"target\":{\"@type\":\"EntryPoint\",\"urlTemplate\":\"https:\\\/\\\/infmix.ro\\\/a6a\\\/?s={search_term_string}\"},\"query-input\":{\"@type\":\"PropertyValueSpecification\",\"valueRequired\":true,\"valueName\":\"search_term_string\"}}],\"inLanguage\":\"ro-RO\"},{\"@type\":[\"Person\",\"Organization\"],\"@id\":\"https:\\\/\\\/infmix.ro\\\/a6a\\\/#\\\/schema\\\/person\\\/2cebfe49f5302ee541291ee8efcc004d\",\"name\":\"Profu DeInfo\",\"image\":{\"@type\":\"ImageObject\",\"inLanguage\":\"ro-RO\",\"@id\":\"https:\\\/\\\/infmix.ro\\\/a6a\\\/wp-content\\\/uploads\\\/sites\\\/2\\\/2024\\\/11\\\/64colorchanger.png\",\"url\":\"https:\\\/\\\/infmix.ro\\\/a6a\\\/wp-content\\\/uploads\\\/sites\\\/2\\\/2024\\\/11\\\/64colorchanger.png\",\"contentUrl\":\"https:\\\/\\\/infmix.ro\\\/a6a\\\/wp-content\\\/uploads\\\/sites\\\/2\\\/2024\\\/11\\\/64colorchanger.png\",\"width\":64,\"height\":64,\"caption\":\"Profu DeInfo\"},\"logo\":{\"@id\":\"https:\\\/\\\/infmix.ro\\\/a6a\\\/wp-content\\\/uploads\\\/sites\\\/2\\\/2024\\\/11\\\/64colorchanger.png\"},\"sameAs\":[\"https:\\\/\\\/infmix.ro\"]}]}<\/script>\n<!-- \/ Yoast SEO plugin. -->","yoast_head_json":{"title":"M4 L3 Anima\u021bii \u00eentr-o prezentare. - Clasa a VI-a InfMix","robots":{"index":"index","follow":"follow","max-snippet":"max-snippet:-1","max-image-preview":"max-image-preview:large","max-video-preview":"max-video-preview:-1"},"canonical":"https:\/\/infmix.ro\/a6a\/m4\/m4-l3-animatii-intr-o-prezentare\/","og_locale":"ro_RO","og_type":"article","og_title":"M4 L3 Anima\u021bii \u00eentr-o prezentare. - Clasa a VI-a InfMix","og_description":"Anima\u021biile se pot aplica tuturor obiectelor existente \u00een diapozitiv. Dup\u0103 selectarea textului sau a elementului grafic alegem meniul Anima\u021bii. Dac\u0103 d\u0103m clic pe butonul ad\u0103ugare anima\u021bie putem observa c\u0103 avem anima\u021bii de: Odat\u0103 ce am aplicat anima\u021bia se activeaz\u0103 caseta Temporizare. Aici avem op\u021biunile: Pentru Anima\u021bii avansate putem deschide Panoul de anima\u021bie. Tem\u0103: Realiza\u021bi o [&hellip;]","og_url":"https:\/\/infmix.ro\/a6a\/m4\/m4-l3-animatii-intr-o-prezentare\/","og_site_name":"Clasa a VI-a InfMix","article_modified_time":"2025-03-10T05:44:07+00:00","twitter_card":"summary_large_image","twitter_misc":{"Timp estimat pentru citire":"1 minut"},"schema":{"@context":"https:\/\/schema.org","@graph":[{"@type":"WebPage","@id":"https:\/\/infmix.ro\/a6a\/m4\/m4-l3-animatii-intr-o-prezentare\/","url":"https:\/\/infmix.ro\/a6a\/m4\/m4-l3-animatii-intr-o-prezentare\/","name":"M4 L3 Anima\u021bii \u00eentr-o prezentare. - Clasa a VI-a InfMix","isPartOf":{"@id":"https:\/\/infmix.ro\/a6a\/#website"},"datePublished":"2025-03-10T05:44:06+00:00","dateModified":"2025-03-10T05:44:07+00:00","breadcrumb":{"@id":"https:\/\/infmix.ro\/a6a\/m4\/m4-l3-animatii-intr-o-prezentare\/#breadcrumb"},"inLanguage":"ro-RO","potentialAction":[{"@type":"ReadAction","target":["https:\/\/infmix.ro\/a6a\/m4\/m4-l3-animatii-intr-o-prezentare\/"]}]},{"@type":"BreadcrumbList","@id":"https:\/\/infmix.ro\/a6a\/m4\/m4-l3-animatii-intr-o-prezentare\/#breadcrumb","itemListElement":[{"@type":"ListItem","position":1,"name":"Prima pagin\u0103","item":"https:\/\/infmix.ro\/a6a\/"},{"@type":"ListItem","position":2,"name":"M4","item":"https:\/\/infmix.ro\/a6a\/m4\/"},{"@type":"ListItem","position":3,"name":"M4 L3 Anima\u021bii \u00eentr-o prezentare."}]},{"@type":"WebSite","@id":"https:\/\/infmix.ro\/a6a\/#website","url":"https:\/\/infmix.ro\/a6a\/","name":"Clasa a VI-a InfMix","description":"Informa\u021bia a\u0219a cum o pute\u021bi imagina","publisher":{"@id":"https:\/\/infmix.ro\/a6a\/#\/schema\/person\/2cebfe49f5302ee541291ee8efcc004d"},"potentialAction":[{"@type":"SearchAction","target":{"@type":"EntryPoint","urlTemplate":"https:\/\/infmix.ro\/a6a\/?s={search_term_string}"},"query-input":{"@type":"PropertyValueSpecification","valueRequired":true,"valueName":"search_term_string"}}],"inLanguage":"ro-RO"},{"@type":["Person","Organization"],"@id":"https:\/\/infmix.ro\/a6a\/#\/schema\/person\/2cebfe49f5302ee541291ee8efcc004d","name":"Profu DeInfo","image":{"@type":"ImageObject","inLanguage":"ro-RO","@id":"https:\/\/infmix.ro\/a6a\/wp-content\/uploads\/sites\/2\/2024\/11\/64colorchanger.png","url":"https:\/\/infmix.ro\/a6a\/wp-content\/uploads\/sites\/2\/2024\/11\/64colorchanger.png","contentUrl":"https:\/\/infmix.ro\/a6a\/wp-content\/uploads\/sites\/2\/2024\/11\/64colorchanger.png","width":64,"height":64,"caption":"Profu DeInfo"},"logo":{"@id":"https:\/\/infmix.ro\/a6a\/wp-content\/uploads\/sites\/2\/2024\/11\/64colorchanger.png"},"sameAs":["https:\/\/infmix.ro"]}]}},"_links":{"self":[{"href":"https:\/\/infmix.ro\/a6a\/wp-json\/wp\/v2\/pages\/150","targetHints":{"allow":["GET"]}}],"collection":[{"href":"https:\/\/infmix.ro\/a6a\/wp-json\/wp\/v2\/pages"}],"about":[{"href":"https:\/\/infmix.ro\/a6a\/wp-json\/wp\/v2\/types\/page"}],"author":[{"embeddable":true,"href":"https:\/\/infmix.ro\/a6a\/wp-json\/wp\/v2\/users\/1"}],"replies":[{"embeddable":true,"href":"https:\/\/infmix.ro\/a6a\/wp-json\/wp\/v2\/comments?post=150"}],"version-history":[{"count":1,"href":"https:\/\/infmix.ro\/a6a\/wp-json\/wp\/v2\/pages\/150\/revisions"}],"predecessor-version":[{"id":151,"href":"https:\/\/infmix.ro\/a6a\/wp-json\/wp\/v2\/pages\/150\/revisions\/151"}],"up":[{"embeddable":true,"href":"https:\/\/infmix.ro\/a6a\/wp-json\/wp\/v2\/pages\/133"}],"wp:attachment":[{"href":"https:\/\/infmix.ro\/a6a\/wp-json\/wp\/v2\/media?parent=150"}],"curies":[{"name":"wp","href":"https:\/\/api.w.org\/{rel}","templated":true}]}}